04, -5*c + 461 = 4*t. Is t prime?
False
Let a be (-3 - (-4 + -3))/(-1). Let v(d) = -d**3 + d**2 + 3*d - 1. Is v(a) composite?
False
Let h(w) = w**2 + 7*w - 2. Let y be h(-7). Let m = 4 + y. Suppose -3*b = m*b - 385. Is b a composite number?
True
Suppose -5*n + 104 = 3*q, 2 + 0 = 2*n. Suppose -v + q = -130. Is v a composite number?
False
Let m(w) = -16*w + 5. Let f(p) = -35*p + 13. Let g(r) = 34*r - 12. Let c(v) = -2*f(v) - 3*g(v). Let u(h) = -3*c(h) + 5*m(h). Is u(4) a prime number?
True
Let t be ((-9)/(-6))/(6/16). Let b be (-2 + -2)/(-4)*2. Suppose -t*k = -b*k - 170. Is k a composite number?
True
Let p = 90 + -39. Is p prime?
False
Let n(x) = -x + 211. Is n(0) composite?
False
Let x = -625 + 912. Is x a composite number?
True
Let k be (219/2)/(6/40). Suppose 5*p - k = -4*a, 0 = 2*a + a - 5*p - 565. Is a composite?
True
Suppose 0*v - 5*v + 725 = 0. Is v a composite number?
True
Suppose 5*y = h - 8 - 2, 0 = 4*h - 20. Is (y - (-1 - 0)) + 97 a prime number?
True
Let s(o) = -o**2. Let f(v) = -v**3 - 9*v**2 - 3*v + 6. Let i(j) = -f(j) + 3*s(j). Let z be i(-5). Suppose z*h - 95 = -h. Is h a composite number?
False
Suppose -5*w = 1 + 24. Is (-171)/w + 2/(-10) composite?
True
Let b be 28*(-2)/((-24)/27). Let v = 34 - b. Let y = v - -76. Is y composite?
False
Let u be 0*(-1)/2*-2. Suppose -5*g + 8 = -4*q, 2*g - g - 4 = u. Is 70 + 2 + -2 - q composite?
False
Let c(m) = 33*m**2 + 3*m + 1. Is c(-1) a composite number?
False
Suppose 5*z - 3*z = 4. Let m = 10 + z. Is 632/m + 1/3 a prime number?
True
Let o = 8533 - 6020. Is o prime?
False
Suppose 0 = -0*o - 2*o. Suppose 7*j - 2*j - 95 = o. Is j a composite number?
False
Is 4491/(-2)*1/((-6)/4) prime?
False
Let j = -7 - -11. Let d be j/8 - 339/(-2). Suppose -4*z = -614 + d. Is z prime?
False
Suppose 0*h = -5*h - 15. Is (-174)/h + 0 + 0 prime?
False
Let d be (-3)/(-1) + (0 - -1). Suppose 4*w = 3*x + 3*w - 11, -d*w = 3*x + 14. Is x*(705/6 - -2) a composite number?
False
Is (-284)/(-3) + 1/3 prime?
False
Suppose -2*x + 809 + 257 = 0. Is x composite?
True
Let q(m) = 38*m**2 + 1. Is q(-1) composite?
True
Suppose -500 = -5*d + 740. Suppose 5*u - 883 = -d. Is u a composite number?
False
Suppose v - 4*k + 383 = 2*v, 12 = -4*k. Is v prime?
False
Let i(k) = -k**3 - 2 - k - 4*k**2 - 3 + 3. Let f be i(-4). Suppose f*u + 0*u = 8. Is u composite?
True
Let u(t) = 0 - 3 - t + 13*t**2 + 3*t. Is u(2) prime?
True
Let i(x) = -2*x**2 + 1. Let o be i(2). Let p(u) = -7*u + 3. Let a be p(o). Suppose -5*t = -a - 43. Is t composite?
False
Suppose -7*p + 19797 = -4*p. Is p prime?
True
Suppose 25 = 5*s, s = -l + 2*l + 13. Let b(u) be the second derivative of u**4/12 + u**3 - 9*u**2/2 - u. Is b(l) composite?
False
Let o = -8 - -23. Let k(t) = t**3 + 5*t**2 + 5. Let c be k(-5). Suppose -2*d = 2*s - 124, -c*s - o = -0*s. Is d composite?
True
Let o(a) = -a**2 + 5*a + 3. Let d be o(3). Let j be 51/((-24)/d - -3). Suppose -2 = -q + j. Is q composite?
True
Let g be 1 + (-2 - (1 + -5)). Is (-422)/((g - 7) + 2) composite?
False
Let t(z) = 2*z**3 - 4*z**2 + z + 2. Let r be t(2). Suppose 40 - 4 = -r*o. Let n = o - -74. Is n composite?
True
Suppose 4*f - 13 - 187 = 0. Suppose -6*a + f = -a. Let x = 17 - a. Is x prime?
True
Let c(y) = -y**3 - 9*y**2 - 8*y + 3. Let u be c(-8). Suppose -4*r + 4*d = -1884, -u*d - 950 = -2*r + d. Is r composite?
False
Suppose 3*u - z - 438 = 111, 3*z + 549 = 3*u. Is u a prime number?
False
Suppose -5*a = 4*u - 3*u - 1010, -u - 1010 = -5*a. Is a a composite number?
True
Let a be (-2)/4 + 6/12. Suppose a = -3*l - 3*f, l - 15 = 5*l + f. Let s = 14 - l. Is s a prime number?
True
Let h(x) = x + 4. Let w be h(0). Suppose -z - 9 = -n - 3, -w*n - z + 9 = 0. Is n a prime number?
True
Suppose -j + 2439 = 8*j. Is j composite?
False
Let p = -2402 + 8003. Is p composite?
True
Let a be (-501)/15 - (-2)/5. Let d = 110 + a. Is d composite?
True
Let z(l) = -l**3 - 4*l**2 - 7*l - 5. Is z(-4) a prime number?
True
Suppose 2*l + 19 = 39. Is l a prime number?
False
Suppose 4 + 11 = 3*g. Suppose -g*v = -265 - 670. Is v composite?
True
Let o(z) = 2*z - 2. Let b be o(-4). Is 4/b + 988/20 prime?
False
Suppose 0 = 3*s - 2*s - 89. Is s a prime number?
True
Suppose 5*y = -4*q + 2*y + 4157, 0 = q - 5*y - 1068. Is q composite?
True
Suppose 2*y - 5*a = -16, -5*a = -y + 4*y - 26. Suppose -2*w = x - 388, -5*x + 0*w = -y*w - 1940. Suppose 7 = 5*s - x. Is s a composite number?
False
Let l = 32 - 19. Is l a prime number?
True
Is (-1816)/(-7) + 108/(-252) prime?
False
Is (-3243)/(-6) - 2/(-4) composite?
False
Suppose -32 = -4*j - 4. Suppose j = 5*l - 8. Is (2/(-4))/(l/(-186)) a prime number?
True
Let s = -2 - -22. Suppose -c + s = -5. Is c a prime number?
False
Let i = 221 + -98. Is i prime?
False
Suppose 3*u = -u + 236. Is u a prime number?
True
Suppose -5*s + h = -30, 5 = -s - 3*h - 5. Let w be 18/4*194/(-3). Is s*w/(-15)*1 prime?
True
Let a = 8 + -4. Let i(u) = 2*u**3 - 3*u**2 - u + 3. Is i(a) a composite number?
False
Suppose -2*n - 3*m = 2 + 1, -m + 19 = 4*n. Suppose -n*x + 3*x - 6 = 0, 0 = -2*r - x - 4. Is (-39)/(2/(-4) + r) composite?
True
Let h be 28/7 + 0 + 1. Let o(s) = 6*s**3 - 4*s**2 + 3*s + 3. Let l be o(4). Suppose h*q + 0*q = l. Is q composite?
False
Is (2 - (-5)/(-2)) + (-11544)/(-16) composite?
True
Let x be -2*3/2 - -5. Suppose 0 = 2*c - 3*m + x*m - 13, -3*c - 4*m - 8 = 0. Let r = 251 - c. Is r prime?
False
Let p be (-2)/(-8)*4 + 2. Suppose -n - p*w = -127, -4*w - 134 - 247 = -3*n. Is n a prime number?
True
Suppose 2*g - 389 = -g + 2*a, -g - 2*a = -135. Is g prime?
True
Let y = -21 + 30. Is 124/y + 4/18 a prime number?
False
Let o = -15 + 60. Is 15175/o - (-2)/(-9) a composite number?
False
Suppose 4*a - 3*y - 517 = -0*y, -2*a = 2*y - 262. Suppose a = -0*o + 5*o. Let g = -11 + o. Is g prime?
False
Let h = 41 + -15. Is h composite?
True
Suppose 90 + 15 = 5*u. Suppose 44 = 3*k - 7. Suppose 2*t - u = k. Is t a composite number?
False
Let f(a) = -a**2 + 16. Let k be f(0). Let h = k + -40. Is (-4)/(-6) - 776/h prime?
False
Let j be (0/((-1)/(-1)))/2. Suppose j = -t - 0 + 3. Suppose g + 3*k + 4 = 0, k = 2*g + t*k - 12. Is g a composite number?
False
Let j(r) = r**3 + 4*r**2 - 4*r - 3. Let m be j(-5). Let z(s) = -17*s - 2. Let y be z(m). Suppose -c + y = c. Is c composite?
False
Suppose 0 = 3*g - 46 - 83. Is g composite?
False
Is (-6)/((-5)/(890/4)) a composite number?
True
Is (-907)/(4/(-84)*3) a composite number?
True
Let s = -5 - -1. Let o be (0 + 0)/(4/s). Suppose 5*n - 2*l - 75 = o, -4*n + 5 = 3*l - 55. Is n prime?
False
Suppose 0 = f - 2941 - 820. Is f a prime number?
True
Suppose -7*s + 55 = 6. Is s prime?
True
Let h(o) = 22*o + 3. Is h(22) composite?
False
Let h = 1246 - -735. Is h a prime number?
False
Let t(z) = -13*z**2 + 3*z - 16. Let x be t(12). Let c be 2 + (x/(-2))/2. Is 4*(c/12 + 0) a composite number?
True
Let l = -503 + 1224. Is l a prime number?
False
Let r be (-6)/(-18) - (-4)/6. Is (-87 + r)*-1 + 3 prime?
True
Let u be (-6 + 6)/(1 + 1). Suppose u*f + 4*f - 1180 = 0. Is f a prime number?
False
Let v be 0 + (-1 - -4)/(-1). Suppose t - w = 2*w - 10, 0 = -5*t - 3*w - 50. Let b = v - t. Is b prime?
True
Let c(n) = 2*n + 205. Is c(0) a composite number?
True
Let y(l) = l**3 - 5*l**2 - 6*l - 5. Let b be y(6). Let f(d) = -74*d + 3. Is f(b) composite?
False
Suppose -3*l + 689 = -2*l. Is l composite?
True
Suppose 3*k + 5*c - 1106 = 0, 0 = 5*k - 2*c - 782 - 1113. Is k composite?
True
Is (-5319)/135*-85*1 composite?
True
Suppose 0*g - 4*h + 24 = 4*g, -5*h + 15 = 0. Suppose 0 = -g*y - y, i = -4*y + 2. Suppose i*m = 3*t + 78, -4*m + 4*t = -m - 117. Is m a prime number?
False
Suppose -6*n = -5*n. Suppose n = -2*w + 997 - 255. Is w prime?
False
Suppose u + u = 24. Let s be (66/(-9))/((-1)/3). Let o = s - u. Is o composite?
True
Suppose 4*s - 4*l - 712 = 0, 4*s - 9*s - 5*l = -920. Is s a composite number?
False
Let g(u) = -18*u**3 - 3*u**2 - 2*u + 5. Let f be g(-4). Let q = f + -712. Let c = -286 + q. Is c composite?
True
Suppose 3*j + 2*f - 21 = 0, 2*j + 4*f - 16 = 2*f. Let w be 66/(2/(4/3)). Suppose 3*p = j*p - w. Is p a composite number?
True
Let k = -17 - -414. Is k a prime number?
True
Suppose 2*b + 3*w = -4, -4*b - 5 = -w - 25. Suppose 2*n + 106 = b*n. Is n a prime number?
True
Suppose -2*r + 3342 = 5*o, -5*r + 3*o + 10221 = 1866.